{"id":11,"date":"2020-10-25T19:55:47","date_gmt":"2020-10-25T18:55:47","guid":{"rendered":"http:\/\/lebalcondesgorges.fr\/?page_id=11"},"modified":"2024-12-29T22:17:46","modified_gmt":"2024-12-29T21:17:46","slug":"11-2","status":"publish","type":"page","link":"https:\/\/lebalcondesgorges.fr\/","title":{"rendered":"home"},"content":{"rendered":"\n\t\t\t<div class=\"horizontal-section text-dark fullheight\" style=\"background:#efdcc2;\">\n\t\t\t\t<div class=\"horizontal-inner\" style=\"padding-top:120px;padding-bottom:50px;\">\n\t\t\t\t<div class=\"wrapper\"><div class=\"column-section clearfix\"><div class=\"column one-half  \" >\n<h5>Situ\u00e9e sur un grand parc arbor\u00e9, cette maison \u00e0 l&rsquo;architecture contemporaine a \u00e9tait pens\u00e9e dans une d\u00e9marche \u00e9cologique d&rsquo;int\u00e9gration dans son environnement. La d\u00e9coration int\u00e9rieure est soign\u00e9e, les \u00e9quipements confortables et modernes.<\/h5>\n<h5>\u00c0 l&rsquo;ext\u00e9rieur, vous b\u00e9n\u00e9ficiez d&rsquo;une vue splendide sur les Gorges du Tarn. Vous appr\u00e9cierez le calme des lieux et profiterez des espaces ext\u00e9rieurs propices \u00e0 la d\u00e9tente et aux moments conviviaux en famille.<\/h5>\n<\/div><div class=\"column one-half last-col \" >\n<h3 style=\"text-align: center;\">Capacit\u00e9 : 4 personnes<br \/>\nChambres : 2<br \/>\nSurface : 95 m2<\/h3>\n<h4 style=\"text-align: center;\">\u2014<\/h4>\n<h4 style=\"text-align: center;\">G\u00eete accessible aux personnes handicap\u00e9es.<\/h4>\n<\/div><\/div><\/div><div class=\"spacer spacer-medium\"><\/div><div class=\"wrapper\"><div class=\"wolf-grid clearfix\" data-parallax=\"true\" data-captionparallax=\"true\" data-randomhorizontaloffset=\"false\" data-mouseparallax=\"false\">\n\t\t\t<div class=\"wolf-item  whalf wleft\" data-speed=\"2\"><div class=\"wolf-item-inner\" ><div class=\"wolf-media\"><img decoding=\"async\" src=\"http:\/\/lebalcondesgorges.fr\/wp-content\/uploads\/2020\/10\/EXT-01.jpg\" alt=\"home\"><\/div><\/div><\/div><div class=\"wolf-item  whalf wleft\" ><div class=\"wolf-item-inner\" ><div class=\"wolf-media\"><img decoding=\"async\" src=\"http:\/\/lebalcondesgorges.fr\/wp-content\/uploads\/2020\/10\/EXT-02.jpg\" alt=\"home\"><\/div><\/div><\/div>\n\t\t\t<\/div><\/div>\n\t\t\t\t<\/div>\n\t\t\t<\/div>\n\t\t\n\t\t\t<div class=\"horizontal-section text-dark fullheight\" style=\"background:#dadce0;\">\n\t\t\t\t<div class=\"horizontal-inner\" style=\"padding-top:120px;padding-bottom:120px;\">\n\t\t\t\t<div class=\"wrapper-full\"><div class=\"column-section clearfix\"><div class=\"column one-full last-col \" >\n<h3 style=\"text-align: center;\"><strong>SALON \/ CUISINE<\/strong><\/h3>\n<h5 style=\"text-align: center;\">La pi\u00e8ce \u00e0 vivre est lumineuse et fonctionnelle, donne sur une terrasse am\u00e9nag\u00e9e.<\/h5>\n<div class=\"spacer spacer-medium\"><\/div><ul class=\"sr-gallery gallery-col1 spaced\"><li class=\"has-animation\" data-delay=\"0\"><img loading=\"lazy\" decoding=\"async\" width=\"2560\" height=\"1655\" src=\"https:\/\/lebalcondesgorges.fr\/wp-content\/uploads\/2020\/10\/SALON-01-scaled.jpg\" class=\"attachment-full size-full\" alt=\"\" srcset=\"https:\/\/lebalcondesgorges.fr\/wp-content\/uploads\/2020\/10\/SALON-01-scaled.jpg 2560w, https:\/\/lebalcondesgorges.fr\/wp-content\/uploads\/2020\/10\/SALON-01-300x194.jpg 300w, https:\/\/lebalcondesgorges.fr\/wp-content\/uploads\/2020\/10\/SALON-01-1024x662.jpg 1024w, https:\/\/lebalcondesgorges.fr\/wp-content\/uploads\/2020\/10\/SALON-01-768x496.jpg 768w, https:\/\/lebalcondesgorges.fr\/wp-content\/uploads\/2020\/10\/SALON-01-1536x993.jpg 1536w, https:\/\/lebalcondesgorges.fr\/wp-content\/uploads\/2020\/10\/SALON-01-2048x1324.jpg 2048w, https:\/\/lebalcondesgorges.fr\/wp-content\/uploads\/2020\/10\/SALON-01-420x271.jpg 420w, https:\/\/lebalcondesgorges.fr\/wp-content\/uploads\/2020\/10\/SALON-01-800x517.jpg 800w, https:\/\/lebalcondesgorges.fr\/wp-content\/uploads\/2020\/10\/SALON-01-1100x711.jpg 1100w\" sizes=\"auto, (max-width: 2560px) 100vw, 2560px\" \/><\/li><\/ul><ul class=\"sr-gallery gallery-col2 spaced\"><li class=\"has-animation\" data-delay=\"0\"><a href=\"https:\/\/lebalcondesgorges.fr\/wp-content\/uploads\/2020\/10\/SALON-02-scaled.jpg\" data-rel=\"lightcase:myCollection\" class=\"img-hover\" ><img loading=\"lazy\" decoding=\"async\" width=\"2560\" height=\"1710\" src=\"https:\/\/lebalcondesgorges.fr\/wp-content\/uploads\/2020\/10\/SALON-02-scaled.jpg\" class=\"attachment-full size-full\" alt=\"\" srcset=\"https:\/\/lebalcondesgorges.fr\/wp-content\/uploads\/2020\/10\/SALON-02-scaled.jpg 2560w, https:\/\/lebalcondesgorges.fr\/wp-content\/uploads\/2020\/10\/SALON-02-300x200.jpg 300w, https:\/\/lebalcondesgorges.fr\/wp-content\/uploads\/2020\/10\/SALON-02-1024x684.jpg 1024w, https:\/\/lebalcondesgorges.fr\/wp-content\/uploads\/2020\/10\/SALON-02-768x513.jpg 768w, https:\/\/lebalcondesgorges.fr\/wp-content\/uploads\/2020\/10\/SALON-02-1536x1026.jpg 1536w, https:\/\/lebalcondesgorges.fr\/wp-content\/uploads\/2020\/10\/SALON-02-2048x1368.jpg 2048w, https:\/\/lebalcondesgorges.fr\/wp-content\/uploads\/2020\/10\/SALON-02-420x280.jpg 420w, https:\/\/lebalcondesgorges.fr\/wp-content\/uploads\/2020\/10\/SALON-02-800x534.jpg 800w, https:\/\/lebalcondesgorges.fr\/wp-content\/uploads\/2020\/10\/SALON-02-1100x735.jpg 1100w\" sizes=\"auto, (max-width: 2560px) 100vw, 2560px\" \/><\/a><\/li><li class=\"has-animation\" data-delay=\"200\"><a href=\"https:\/\/lebalcondesgorges.fr\/wp-content\/uploads\/2020\/10\/CUISINE-scaled.jpg\" data-rel=\"lightcase:myCollection\" class=\"img-hover\" ><img loading=\"lazy\" decoding=\"async\" width=\"2560\" height=\"1709\" src=\"https:\/\/lebalcondesgorges.fr\/wp-content\/uploads\/2020\/10\/CUISINE-scaled.jpg\" class=\"attachment-full size-full\" alt=\"\" srcset=\"https:\/\/lebalcondesgorges.fr\/wp-content\/uploads\/2020\/10\/CUISINE-scaled.jpg 2560w, https:\/\/lebalcondesgorges.fr\/wp-content\/uploads\/2020\/10\/CUISINE-300x200.jpg 300w, https:\/\/lebalcondesgorges.fr\/wp-content\/uploads\/2020\/10\/CUISINE-1024x684.jpg 1024w, https:\/\/lebalcondesgorges.fr\/wp-content\/uploads\/2020\/10\/CUISINE-768x513.jpg 768w, https:\/\/lebalcondesgorges.fr\/wp-content\/uploads\/2020\/10\/CUISINE-1536x1025.jpg 1536w, https:\/\/lebalcondesgorges.fr\/wp-content\/uploads\/2020\/10\/CUISINE-2048x1367.jpg 2048w, https:\/\/lebalcondesgorges.fr\/wp-content\/uploads\/2020\/10\/CUISINE-420x280.jpg 420w, https:\/\/lebalcondesgorges.fr\/wp-content\/uploads\/2020\/10\/CUISINE-800x534.jpg 800w, https:\/\/lebalcondesgorges.fr\/wp-content\/uploads\/2020\/10\/CUISINE-1100x734.jpg 1100w\" sizes=\"auto, (max-width: 2560px) 100vw, 2560px\" \/><\/a><\/li><\/ul><\/div><\/div><\/div><div class=\"wrapper-small\"><div class=\"column-section clearfix\"><div class=\"column one-full last-col \" >\n<h5 style=\"text-align: center;\">Le coin salon dispose d&rsquo;une TV, cha\u00eene hifi avec CD bluethooth, d&rsquo;un canap\u00e9. L&rsquo;espace cuisine \/ salle \u00e0 manger est parfaitement \u00e9quip\u00e9.<br \/>\nLe logement dispose \u00e9galement d&rsquo;une connexion internet.<\/h5>\n<\/div><\/div><\/div>\n\t\t\t\t<\/div>\n\t\t\t<\/div>\n\t\t\n\t\t\t<div class=\"horizontal-section text-light fullheight\" style=\"background:#252f27;\">\n\t\t\t\t<div class=\"horizontal-inner\" style=\"padding-top:120px;padding-bottom:120px;\">\n\t\t\t\t<div class=\"wrapper-full\"><div class=\"column-section clearfix\"><div class=\"column one-full last-col \" >\n<h3 style=\"text-align: center;\"><strong>CHAMBRES<\/strong><\/h3>\n<h5 style=\"text-align: center;\">2 grandes chambres, dont une avec un lit en 160 et l&rsquo;autre avec un lit en 180 (ou 2 lits en 90).<\/h5>\n<div class=\"spacer spacer-medium\"><\/div><ul class=\"sr-gallery gallery-col2 spaced\"><li><img loading=\"lazy\" decoding=\"async\" width=\"2116\" height=\"1587\" src=\"https:\/\/lebalcondesgorges.fr\/wp-content\/uploads\/2020\/10\/CHAMBRE-001.jpg\" class=\"attachment-full size-full\" alt=\"\" srcset=\"https:\/\/lebalcondesgorges.fr\/wp-content\/uploads\/2020\/10\/CHAMBRE-001.jpg 2116w, https:\/\/lebalcondesgorges.fr\/wp-content\/uploads\/2020\/10\/CHAMBRE-001-300x225.jpg 300w, https:\/\/lebalcondesgorges.fr\/wp-content\/uploads\/2020\/10\/CHAMBRE-001-1024x768.jpg 1024w, https:\/\/lebalcondesgorges.fr\/wp-content\/uploads\/2020\/10\/CHAMBRE-001-768x576.jpg 768w, https:\/\/lebalcondesgorges.fr\/wp-content\/uploads\/2020\/10\/CHAMBRE-001-1536x1152.jpg 1536w, https:\/\/lebalcondesgorges.fr\/wp-content\/uploads\/2020\/10\/CHAMBRE-001-2048x1536.jpg 2048w, https:\/\/lebalcondesgorges.fr\/wp-content\/uploads\/2020\/10\/CHAMBRE-001-420x315.jpg 420w, https:\/\/lebalcondesgorges.fr\/wp-content\/uploads\/2020\/10\/CHAMBRE-001-800x600.jpg 800w, https:\/\/lebalcondesgorges.fr\/wp-content\/uploads\/2020\/10\/CHAMBRE-001-1100x825.jpg 1100w\" sizes=\"auto, (max-width: 2116px) 100vw, 2116px\" \/><\/li><li><img loading=\"lazy\" decoding=\"async\" width=\"2116\" height=\"1587\" src=\"https:\/\/lebalcondesgorges.fr\/wp-content\/uploads\/2020\/10\/CHAMBRE-002.jpg\" class=\"attachment-full size-full\" alt=\"\" srcset=\"https:\/\/lebalcondesgorges.fr\/wp-content\/uploads\/2020\/10\/CHAMBRE-002.jpg 2116w, https:\/\/lebalcondesgorges.fr\/wp-content\/uploads\/2020\/10\/CHAMBRE-002-300x225.jpg 300w, https:\/\/lebalcondesgorges.fr\/wp-content\/uploads\/2020\/10\/CHAMBRE-002-1024x768.jpg 1024w, https:\/\/lebalcondesgorges.fr\/wp-content\/uploads\/2020\/10\/CHAMBRE-002-768x576.jpg 768w, https:\/\/lebalcondesgorges.fr\/wp-content\/uploads\/2020\/10\/CHAMBRE-002-1536x1152.jpg 1536w, https:\/\/lebalcondesgorges.fr\/wp-content\/uploads\/2020\/10\/CHAMBRE-002-2048x1536.jpg 2048w, https:\/\/lebalcondesgorges.fr\/wp-content\/uploads\/2020\/10\/CHAMBRE-002-420x315.jpg 420w, https:\/\/lebalcondesgorges.fr\/wp-content\/uploads\/2020\/10\/CHAMBRE-002-800x600.jpg 800w, https:\/\/lebalcondesgorges.fr\/wp-content\/uploads\/2020\/10\/CHAMBRE-002-1100x825.jpg 1100w\" sizes=\"auto, (max-width: 2116px) 100vw, 2116px\" \/><\/li><\/ul><\/div><\/div><\/div><div class=\"wrapper\"><div class=\"column-section clearfix\"><div class=\"column one-full last-col \" ><div class=\"owl-slider\" data-autoplay=\"false\" data-loop=\"true\" data-nav=\"true\" data-dots=\"true\"><div><img loading=\"lazy\" decoding=\"async\" width=\"2560\" height=\"1588\" src=\"https:\/\/lebalcondesgorges.fr\/wp-content\/uploads\/2020\/10\/CHAMBRE-003-scaled.jpg\" class=\"attachment-full size-full\" alt=\"\" srcset=\"https:\/\/lebalcondesgorges.fr\/wp-content\/uploads\/2020\/10\/CHAMBRE-003-scaled.jpg 2560w, https:\/\/lebalcondesgorges.fr\/wp-content\/uploads\/2020\/10\/CHAMBRE-003-300x186.jpg 300w, https:\/\/lebalcondesgorges.fr\/wp-content\/uploads\/2020\/10\/CHAMBRE-003-1024x635.jpg 1024w, https:\/\/lebalcondesgorges.fr\/wp-content\/uploads\/2020\/10\/CHAMBRE-003-768x476.jpg 768w, https:\/\/lebalcondesgorges.fr\/wp-content\/uploads\/2020\/10\/CHAMBRE-003-1536x953.jpg 1536w, https:\/\/lebalcondesgorges.fr\/wp-content\/uploads\/2020\/10\/CHAMBRE-003-2048x1271.jpg 2048w, https:\/\/lebalcondesgorges.fr\/wp-content\/uploads\/2020\/10\/CHAMBRE-003-420x261.jpg 420w, https:\/\/lebalcondesgorges.fr\/wp-content\/uploads\/2020\/10\/CHAMBRE-003-800x496.jpg 800w, https:\/\/lebalcondesgorges.fr\/wp-content\/uploads\/2020\/10\/CHAMBRE-003-1100x682.jpg 1100w\" sizes=\"auto, (max-width: 2560px) 100vw, 2560px\" \/><\/div><div><img loading=\"lazy\" decoding=\"async\" width=\"2560\" height=\"1564\" src=\"https:\/\/lebalcondesgorges.fr\/wp-content\/uploads\/2020\/10\/CHAMBRE-004-scaled.jpg\" class=\"attachment-full size-full\" alt=\"\" srcset=\"https:\/\/lebalcondesgorges.fr\/wp-content\/uploads\/2020\/10\/CHAMBRE-004-scaled.jpg 2560w, https:\/\/lebalcondesgorges.fr\/wp-content\/uploads\/2020\/10\/CHAMBRE-004-300x183.jpg 300w, https:\/\/lebalcondesgorges.fr\/wp-content\/uploads\/2020\/10\/CHAMBRE-004-1024x626.jpg 1024w, https:\/\/lebalcondesgorges.fr\/wp-content\/uploads\/2020\/10\/CHAMBRE-004-768x469.jpg 768w, https:\/\/lebalcondesgorges.fr\/wp-content\/uploads\/2020\/10\/CHAMBRE-004-1536x938.jpg 1536w, https:\/\/lebalcondesgorges.fr\/wp-content\/uploads\/2020\/10\/CHAMBRE-004-2048x1251.jpg 2048w, https:\/\/lebalcondesgorges.fr\/wp-content\/uploads\/2020\/10\/CHAMBRE-004-420x257.jpg 420w, https:\/\/lebalcondesgorges.fr\/wp-content\/uploads\/2020\/10\/CHAMBRE-004-800x489.jpg 800w, https:\/\/lebalcondesgorges.fr\/wp-content\/uploads\/2020\/10\/CHAMBRE-004-1100x672.jpg 1100w\" sizes=\"auto, (max-width: 2560px) 100vw, 2560px\" \/><\/div><\/div><div class=\"spacer spacer-medium\"><\/div><\/div><\/div><\/div><div class=\"wrapper\"><div class=\"column-section clearfix\"><div class=\"column one-full last-col \" >\n<h3 style=\"text-align: center;\"><strong>SANITAIRES<\/strong><\/h3>\n<h5 style=\"text-align: center;\">Une salle d&rsquo;eau avec double vasque, douche \u00e0 l&rsquo;italienne et baignoire.<\/h5>\n<div class=\"spacer spacer-medium\"><\/div><ul class=\"sr-gallery gallery-col1 spaced\"><li class=\"has-animation\" data-delay=\"0\"><img loading=\"lazy\" decoding=\"async\" width=\"2560\" height=\"1187\" src=\"https:\/\/lebalcondesgorges.fr\/wp-content\/uploads\/2020\/10\/SDB-scaled.jpg\" class=\"attachment-full size-full\" alt=\"\" srcset=\"https:\/\/lebalcondesgorges.fr\/wp-content\/uploads\/2020\/10\/SDB-scaled.jpg 2560w, https:\/\/lebalcondesgorges.fr\/wp-content\/uploads\/2020\/10\/SDB-300x139.jpg 300w, https:\/\/lebalcondesgorges.fr\/wp-content\/uploads\/2020\/10\/SDB-1024x475.jpg 1024w, https:\/\/lebalcondesgorges.fr\/wp-content\/uploads\/2020\/10\/SDB-768x356.jpg 768w, https:\/\/lebalcondesgorges.fr\/wp-content\/uploads\/2020\/10\/SDB-1536x712.jpg 1536w, https:\/\/lebalcondesgorges.fr\/wp-content\/uploads\/2020\/10\/SDB-2048x950.jpg 2048w, https:\/\/lebalcondesgorges.fr\/wp-content\/uploads\/2020\/10\/SDB-420x195.jpg 420w, https:\/\/lebalcondesgorges.fr\/wp-content\/uploads\/2020\/10\/SDB-800x371.jpg 800w, https:\/\/lebalcondesgorges.fr\/wp-content\/uploads\/2020\/10\/SDB-1100x510.jpg 1100w\" sizes=\"auto, (max-width: 2560px) 100vw, 2560px\" \/><\/li><\/ul><div class=\"masonry gallery-masonry spacing-yes clearfix\" data-maxitemwidth=\"800\"><div class=\"gallery-masonry-entry masonry-item\"><img loading=\"lazy\" decoding=\"async\" width=\"800\" height=\"813\" src=\"https:\/\/lebalcondesgorges.fr\/wp-content\/uploads\/2020\/10\/WC-800x813.jpg\" class=\"attachment-thumb-big size-thumb-big\" alt=\"\" srcset=\"https:\/\/lebalcondesgorges.fr\/wp-content\/uploads\/2020\/10\/WC-800x813.jpg 800w, https:\/\/lebalcondesgorges.fr\/wp-content\/uploads\/2020\/10\/WC-295x300.jpg 295w, https:\/\/lebalcondesgorges.fr\/wp-content\/uploads\/2020\/10\/WC-1007x1024.jpg 1007w, https:\/\/lebalcondesgorges.fr\/wp-content\/uploads\/2020\/10\/WC-768x781.jpg 768w, https:\/\/lebalcondesgorges.fr\/wp-content\/uploads\/2020\/10\/WC-420x427.jpg 420w, https:\/\/lebalcondesgorges.fr\/wp-content\/uploads\/2020\/10\/WC-1100x1119.jpg 1100w, https:\/\/lebalcondesgorges.fr\/wp-content\/uploads\/2020\/10\/WC.jpg 1482w\" sizes=\"auto, (max-width: 800px) 100vw, 800px\" \/><\/div><div class=\"gallery-masonry-entry masonry-item\"><img loading=\"lazy\" decoding=\"async\" width=\"800\" height=\"600\" src=\"https:\/\/lebalcondesgorges.fr\/wp-content\/uploads\/2020\/10\/SDB02-800x600.jpg\" class=\"attachment-thumb-big size-thumb-big\" alt=\"\" srcset=\"https:\/\/lebalcondesgorges.fr\/wp-content\/uploads\/2020\/10\/SDB02-800x600.jpg 800w, https:\/\/lebalcondesgorges.fr\/wp-content\/uploads\/2020\/10\/SDB02-300x225.jpg 300w, https:\/\/lebalcondesgorges.fr\/wp-content\/uploads\/2020\/10\/SDB02-1024x768.jpg 1024w, https:\/\/lebalcondesgorges.fr\/wp-content\/uploads\/2020\/10\/SDB02-768x576.jpg 768w, https:\/\/lebalcondesgorges.fr\/wp-content\/uploads\/2020\/10\/SDB02-1536x1152.jpg 1536w, https:\/\/lebalcondesgorges.fr\/wp-content\/uploads\/2020\/10\/SDB02-420x315.jpg 420w, https:\/\/lebalcondesgorges.fr\/wp-content\/uploads\/2020\/10\/SDB02-1100x825.jpg 1100w, https:\/\/lebalcondesgorges.fr\/wp-content\/uploads\/2020\/10\/SDB02.jpg 2009w\" sizes=\"auto, (max-width: 800px) 100vw, 800px\" \/><\/div><\/div><\/div><\/div><\/div>\n\t\t\t\t<\/div>\n\t\t\t<\/div>\n\t\t\n\t\t\t<div class=\"horizontal-section text-light fullheight\" style=\"background:#08080a;\">\n\t\t\t\t<div class=\"horizontal-inner\" style=\"padding-top:120px;padding-bottom:120px;\">\n\t\t\t\t<div class=\"wrapper\"><div class=\"column-section clearfix\"><div class=\"column one-full last-col \" ><div class=\"masonry gallery-masonry spacing-yes clearfix\" data-maxitemwidth=\"420\"><div class=\"gallery-masonry-entry masonry-item\"><a href=\"https:\/\/lebalcondesgorges.fr\/wp-content\/uploads\/2020\/10\/Fichier-14-scaled.jpg\" data-rel=\"lightcase:myCollection\" class=\"img-hover\" ><img loading=\"lazy\" decoding=\"async\" width=\"420\" height=\"310\" src=\"https:\/\/lebalcondesgorges.fr\/wp-content\/uploads\/2020\/10\/Fichier-14-420x310.jpg\" class=\"attachment-thumb-medium-crop size-thumb-medium-crop\" alt=\"\" \/><\/a><\/div><div class=\"gallery-masonry-entry masonry-item\"><a href=\"https:\/\/lebalcondesgorges.fr\/wp-content\/uploads\/2020\/10\/Fichier-20-scaled.jpg\" data-rel=\"lightcase:myCollection\" class=\"img-hover\" ><img loading=\"lazy\" decoding=\"async\" width=\"420\" height=\"310\" src=\"https:\/\/lebalcondesgorges.fr\/wp-content\/uploads\/2020\/10\/Fichier-20-420x310.jpg\" class=\"attachment-thumb-medium-crop size-thumb-medium-crop\" alt=\"\" \/><\/a><\/div><div class=\"gallery-masonry-entry masonry-item\"><a href=\"https:\/\/lebalcondesgorges.fr\/wp-content\/uploads\/2020\/10\/Fichier-19-scaled.jpg\" data-rel=\"lightcase:myCollection\" class=\"img-hover\" ><img loading=\"lazy\" decoding=\"async\" width=\"420\" height=\"310\" src=\"https:\/\/lebalcondesgorges.fr\/wp-content\/uploads\/2020\/10\/Fichier-19-420x310.jpg\" class=\"attachment-thumb-medium-crop size-thumb-medium-crop\" alt=\"\" \/><\/a><\/div><div class=\"gallery-masonry-entry masonry-item\"><a href=\"https:\/\/lebalcondesgorges.fr\/wp-content\/uploads\/2020\/10\/Fichier-18-scaled.jpg\" data-rel=\"lightcase:myCollection\" class=\"img-hover\" ><img loading=\"lazy\" decoding=\"async\" width=\"420\" height=\"310\" src=\"https:\/\/lebalcondesgorges.fr\/wp-content\/uploads\/2020\/10\/Fichier-18-420x310.jpg\" class=\"attachment-thumb-medium-crop size-thumb-medium-crop\" alt=\"\" \/><\/a><\/div><div class=\"gallery-masonry-entry masonry-item\"><a href=\"https:\/\/lebalcondesgorges.fr\/wp-content\/uploads\/2020\/10\/Fichier-16-scaled.jpg\" data-rel=\"lightcase:myCollection\" class=\"img-hover\" ><img loading=\"lazy\" decoding=\"async\" width=\"420\" height=\"310\" src=\"https:\/\/lebalcondesgorges.fr\/wp-content\/uploads\/2020\/10\/Fichier-16-420x310.jpg\" class=\"attachment-thumb-medium-crop size-thumb-medium-crop\" alt=\"\" \/><\/a><\/div><div class=\"gallery-masonry-entry masonry-item\"><a href=\"https:\/\/lebalcondesgorges.fr\/wp-content\/uploads\/2020\/10\/Fichier-15-scaled.jpg\" data-rel=\"lightcase:myCollection\" class=\"img-hover\" ><img loading=\"lazy\" decoding=\"async\" width=\"420\" height=\"310\" src=\"https:\/\/lebalcondesgorges.fr\/wp-content\/uploads\/2020\/10\/Fichier-15-420x310.jpg\" class=\"attachment-thumb-medium-crop size-thumb-medium-crop\" alt=\"\" \/><\/a><\/div><\/div><\/div><\/div><\/div>\n\t\t\t\t<\/div>\n\t\t\t<\/div>\n\t\t\n\t\t\t<div class=\"horizontal-section text-light fullheight parallax-section\" style=\"\" data-parallax-image=\"http:\/\/lebalcondesgorges.fr\/wp-content\/uploads\/2020\/10\/bg-scaled.jpg\">\n\t\t\t\t<div class=\"horizontal-inner\" style=\"padding-top:120px;padding-bottom:120px;\">\n\t\t\t\t<div class=\"wrapper-full\"><div class=\"wolf-grid clearfix\" data-parallax=\"true\" data-captionparallax=\"true\" data-randomhorizontaloffset=\"false\" data-mouseparallax=\"false\">\n\t\t\t<div class=\"wolf-item wolf-text wfull wright\" ><div class=\"wolf-item-inner\" style=\"width: 70%;\"><div class=\"wolf-media\"><img decoding=\"async\" src=\"http:\/\/lebalcondesgorges.fr\/wp-content\/uploads\/2020\/10\/bookphotos.png\" alt=\"home\"><\/div><div class=\"wolf-caption overlay\" style=\"width: 30%;\">\n\t\t\t\t\t\t\n<h2 style=\"text-align: center;\"><strong>D\u00e9couvrez la loz\u00e8re !<\/strong><\/h2>\n\n\t\t\t\t\t<\/div><\/div><\/div>\n\t\t\t<\/div><\/div>\n\t\t\t\t<\/div>\n\t\t\t<\/div>\n\t\t\n\t\t\t<div class=\"horizontal-section text-light fullheight parallax-section\" style=\"\" data-parallax-image=\"http:\/\/lebalcondesgorges.fr\/wp-content\/uploads\/2020\/10\/plan-scaled.jpg\">\n\t\t\t\t<div class=\"horizontal-inner\" style=\"padding-top:120px;padding-bottom:120px;\">\n\t\t\t\t<div class=\"wrapper\"><div class=\"column-section clearfix\"><div class=\"column one-full last-col \" >\n<p style=\"text-align: center;\"><a href=\"https:\/\/www.google.com\/maps\/place\/G%C3%AEte+Le+Balcon+des+Gorges\/@44.2761436,3.2140708,17z\/data=!3m1!4b1!4m5!3m4!1s0x12b3afeeb053db55:0xb7fb9ad643b4e3f3!8m2!3d44.2761436!4d3.2162595\" class=\"sr-button sr-button1 big-button\"  target=\"_blank\">GOOGLE MAP<\/a><\/p>\n<\/div><\/div><\/div>\n\t\t\t\t<\/div>\n\t\t\t<\/div>\n\t\t\n\t\t\t<div class=\"horizontal-section text-dark\" style=\"background:#efdcc2;\">\n\t\t\t\t<div class=\"horizontal-inner\" style=\"padding-top:150px;padding-bottom:400px;\">\n\t\t\t\t<div class=\"wrapper\"><div class=\"column-section clearfix\"><div class=\"column one-full last-col has-animation\" data-delay=\"0\">\n<blockquote>\n<h5 style=\"text-align: center;\">\u00ab Nous avons d\u00e9couvert la r\u00e9gion en nous rendant \u00e0 ce g\u00eete qui est vraiment magnifique. Avec des \u00e9quipements de qualit\u00e9 et un endroit tr\u00e8s calme, nous avons pu profiter de nos vacances avec s\u00e9r\u00e9nit\u00e9. Petit plus, nous avons pu appr\u00e9cier le spectacle des vautours au petit matin. \u00bb<\/h5>\n<\/blockquote>\n<div class=\"spacer spacer-medium\"><\/div>\n<h3 style=\"text-align: center; color: green;\">Contact : 06 88 64 85 32<\/h3>\n<h3 style=\"text-align: center; margin-bottom: 20px;\">\n  <a href=\"mailto:lebalcondesgorges@gmail.com\" target=\"_blank\" rel=\"noopener noreferrer\" style=\"color: green;\">R\u00c9SERVEZ VOTRE S\u00c9JOUR : <span style=\"text-transform: lowercase; color: green;\">lebalcondesgorges@gmail.com<\/span><\/a><br \/>\n<\/h3>\n<\/div><\/div><\/div><div class=\"spacer spacer-small\"><\/div><div class=\"wrapper\"><div class=\"column-section clearfix\"><div class=\"column one-full last-col has-animation\" data-delay=\"0\">\n<h1 style=\"text-align: center;\">LE BALCON DES GORGES<\/h1>\n<h6 style=\"text-align: center;\"><\/h6>\n<p style=\"text-align: center;\">\n  <i class=\"ion ion-ios-star ion-normal\" style=\"color:#0a0a0a;\"><\/i><br \/>\n  <i class=\"ion ion-ios-star ion-normal\" style=\"color:#0a0a0a;\"><\/i><br \/>\n  <i class=\"ion ion-ios-star ion-normal\" style=\"color:#0a0a0a;\"><\/i>\n<\/p>\n<\/div><\/div><\/div>\n\t\t\t\t<\/div>\n\t\t\t<\/div>\n\t\t\n","protected":false},"excerpt":{"rendered":"","protected":false},"author":1,"featured_media":0,"parent":0,"menu_order":0,"comment_status":"closed","ping_status":"closed","template":"","meta":{"footnotes":""},"class_list":["post-11","page","type-page","status-publish","hentry"],"_links":{"self":[{"href":"https:\/\/lebalcondesgorges.fr\/index.php?rest_route=\/wp\/v2\/pages\/11","targetHints":{"allow":["GET"]}}],"collection":[{"href":"https:\/\/lebalcondesgorges.fr\/index.php?rest_route=\/wp\/v2\/pages"}],"about":[{"href":"https:\/\/lebalcondesgorges.fr\/index.php?rest_route=\/wp\/v2\/types\/page"}],"author":[{"embeddable":true,"href":"https:\/\/lebalcondesgorges.fr\/index.php?rest_route=\/wp\/v2\/users\/1"}],"replies":[{"embeddable":true,"href":"https:\/\/lebalcondesgorges.fr\/index.php?rest_route=%2Fwp%2Fv2%2Fcomments&post=11"}],"version-history":[{"count":78,"href":"https:\/\/lebalcondesgorges.fr\/index.php?rest_route=\/wp\/v2\/pages\/11\/revisions"}],"predecessor-version":[{"id":149,"href":"https:\/\/lebalcondesgorges.fr\/index.php?rest_route=\/wp\/v2\/pages\/11\/revisions\/149"}],"wp:attachment":[{"href":"https:\/\/lebalcondesgorges.fr\/index.php?rest_route=%2Fwp%2Fv2%2Fmedia&parent=11"}],"curies":[{"name":"wp","href":"https:\/\/api.w.org\/{rel}","templated":true}]}}